42?
39
What is the remainder when 2061 is divided by 196?
101
What is the remainder when 247 is divided by 62?
61
What is the remainder when 249 is divided by 56?
25
What is the remainder when 218 is divided by 55?
53
What is the remainder when 283 is divided by 11?
8
Calculate the remainder when 535 is divided by 173.
16
Calculate the remainder when 2478 is divided by 62.
60
What is the remainder when 2040 is divided by 294?
276
What is the remainder when 1959 is divided by 14?
13
Calculate the remainder when 63 is divided by 4.
3
What is the remainder when 915 is divided by 147?
33
Calculate the remainder when 163 is divided by 49.
16
What is the remainder when 63 is divided by 63?
0
What is the remainder when 254 is divided by 16?
14
What is the remainder when 249 is divided by 84?
81
Calculate the remainder when 111 is divided by 13.
7
What is the remainder when 216 is divided by 44?
40
What is the remainder when 72 is divided by 46?
26
What is the remainder when 23 is divided by 2?
1
What is the remainder when 3755 is divided by 101?
18
What is the remainder when 1704 is divided by 422?
16
Calculate the remainder when 374 is divided by 11.
0
Calculate the remainder when 676 is divided by 113.
111
What is the remainder when 2501 is divided by 9?
8
What is the remainder when 213 is divided by 83?
47
Calculate the remainder when 1748 is divided by 75.
23
Calculate the remainder when 407 is divided by 51.
50
Calculate the remainder when 224 is divided by 75.
74
What is the remainder when 28 is divided by 11?
6
What is the remainder when 113 is divided by 23?
21
Calculate the remainder when 100 is divided by 37.
26
Calculate the remainder when 304 is divided by 43.
3
Calculate the remainder when 277 is divided by 140.
137
Calculate the remainder when 414 is divided by 84.
78
Calculate the remainder when 4071 is divided by 1014.
15
What is the remainder when 115 is divided by 15?
10
Calculate the remainder when 103 is divided by 36.
31
What is the remainder when 71 is divided by 19?
14
What is the remainder when 67 is divided by 29?
9
What is the remainder when 1848 is divided by 369?
3
Calculate the remainder when 1465 is divided by 42.
37
What is the remainder when 3141 is divided by 37?
33
What is the remainder when 5798 is divided by 66?
56
Calculate the remainder when 188 is divided by 71.
46
What is the remainder when 100 is divided by 12?
4
Calculate the remainder when 2258 is divided by 7.
4
Calculate the remainder when 358 is divided by 10.
8
Calculate the remainder when 681 is divided by 196.
93
What is the remainder when 288 is divided by 149?
139
Calculate the remainder when 292 is divided by 56.
12
What is the remainder when 725 is divided by 121?
120
Calculate the remainder when 1932 is divided by 77.
7
Calculate the remainder when 37 is divided by 9.
1
What is the remainder when 115 is divided by 32?
19
What is the remainder when 5003 is divided by 54?
35
What is the remainder when 388 is divided by 44?
36
Calculate the remainder when 1835 is divided by 91.
15
What is the remainder when 251 is divided by 19?
4
What is the remainder when 500 is divided by 72?
68
Calculate the remainder when 61 is divided by 22.
17
What is the remainder when 307 is divided by 45?
37
Calculate the remainder when 10889 is divided by 15.
14
Calculate the remainder when 1034 is divided by 135.
89
What is the remainder when 512 is divided by 199?
114
Calculate the remainder when 164 is divided by 78.
8
Calculate the remainder when 225 is divided by 6.
3
Calculate the remainder when 4248 is divided by 469.
27
Calculate the remainder when 1296 is divided by 118.
116
What is the remainder when 9199 is divided by 43?
40
What is the remainder when 877 is divided by 16?
13
Calculate the remainder when 502 is divided by 36.
34
What is the remainder when 57 is divided by 41?
16
What is the remainder when 926 is divided by 227?
18
What is the remainder when 5470 is divided by 238?
234
What is the remainder when 111 is divided by 38?
35
Calculate the remainder when 2780 is divided by 103.
102
Calculate the remainder when 1922 is divided by 11.
8
What is the remainder when 611 is divided by 20?
11
What is the remainder when 937 is divided by 905?
32
What is the remainder when 202 is divided by 134?
68
What is the remainder when 144 is divided by 38?
30
Calculate the remainder when 154 is divided by 12.
10
What is the remainder when 6200 is divided by 94?
90
Calculate the remainder when 972 is divided by 34.
20
What is the remainder when 328 is divided by 94?
46
Calculate the remainder when 854 is divided by 19.
18
What is the remainder when 1246 is divided by 616?
14
Calculate the remainder when 63 is divided by 48.
15
Calculate the remainder when 29 is divided by 2.
1
Calculate the remainder when 160 is divided by 27.
25
Calculate the remainder when 89 is divided by 40.
9
Calculate the remainder when 4415 is divided by 62.
13
Calculate the remainder when 19756 is divided by 20.
16
What is the remainder when 1784 is divided by 43?
21
Calculate the remainder when 96 is divided by 50.
46
Calculate the remainder when 1346 is divided by 18.
14
What is the remainder when 15 is divided by 10?
5
Calculate the remainder when 2694 is divided by 16.
6
What is the remainder when 95 is divided by 53?
42
Calculate the remainder when 3229 is divided by 5.
4
What is the remainder when 245 is divided by 62?
59
What is the remainder when 1084 is divided by 226?
180
Calculate the remainder when 1064 is divided by 26.
24
Calculate the remainder when 5165 is divided by 18.
17
Calculate the remainder when 531 is divided by 260.
11
Calculate the remainder when 374 is divided by 15.
14
What is the remainder when 4809 is divided by 26?
25
What is the remainder when 94 is divided by 16?
14
What is the remainder when 325 is divided by 22?
17
Calculate the remainder when 96 is divided by 13.
5
Calculate the remainder when 16 is divided by 14.
2
Calculate the remainder when 16955 is divided by 9.
8
Calculate the remainder when 68304 is divided by 41.
39
What is the remainder when 3127 is divided by 13?
7
Calculate the remainder when 1363 is divided by 222.
31
Calculate the remainder when 173 is divided by 137.
36
What is the remainder when 499 is divided by 183?
133
What is the remainder when 392 is divided by 21?
14
What is the remainder when 319 is divided by 61?
14
What is the remainder when 21 is divided by 14?
7
What is the remainder when 565 is divided by 26?
19
What is the remainder when 277 is divided by 149?
128
Calculate the remainder when 384 is divided by 144.
96
Calculate the remainder when 523 is divided by 282.
241
What is the remainder when 883 is divided by 68?
67
Calculate the remainder when 704 is divided by 15.
14
What is the remainder when 170 is divided by 26?
14
Calculate the remainder when 60 is divided by 18.
6
What is the remainder when 264 is divided by 7?
5
Calculate the remainder when 197 is divided by 3.
2
What is the remainder when 106 is divided by 12?
10
Calculate the remainder when 416 is divided by 56.
24
What is the remainder when 322 is divided by 115?
92
Calculate the remainder when 688 is divided by 175.
163
Calculate the remainder when 685 is divided by 220.
25
Calculate the remainder when 117 is divided by 41.
35
Calculate the remainder when 52 is divided by 41.
11
Calculate the remainder when 93 is divided by 47.
46
Calculate the remainder when 601 is divided by 146.
17
Calculate the remainder when 310 is divided by 74.
14
Calculate the remainder when 247 is divided by 28.
23
Calculate the remainder when 84 is divided by 18.
12
Calculate the remainder when 347 is divided by 27.
23
Calculate the remainder when 1539 is divided by 6.
3
What is the remainder when 157 is divided by 27?
22
Calculate the remainder when 5807 is divided by 11.
10
What is the remainder when 561 is divided by 94?
91
What is the remainder when 5608 is divided by 23?
19
Calculate the remainder when 93 is divided by 17.
8
Calculate the remainder when 158 is divided by 23.
20
What is the remainder when 138 is divided by 19?
5
Calculate the remainder when 137 is divided by 18.
11
Calculate the remainder when 149 is divided by 53.
43
What is the remainder when 41 is divided by 3